
Suppose 0 = -3*g - 3, 5*g - 7*g = -4*f + 206. What is the remainder when 621 is divided by f?
9
Suppose -69*g - 11691 + 19046 = -33079. Calculate the remainder when g is divided by 146.
2
Let f = 264 - 762. Let z = -352 - f. What is the remainder when z is divided by 30?
26
Suppose -5*o = -2*k - 10*o + 224, -2*o + 325 = 3*k. What is the remainder when 617 is divided by k?
82
Suppose -o + 345 = -0*o - 104. Calculate the remainder when o is divided by 188.
73
Calculate the remainder when (-195)/(-6)*3306/95 is divided by 373.
12
Let n be 0/(-8 + 6 + 0). Suppose n = -0*s - 20*s + 3060. What is the remainder when s is divided by 12?
9
Suppose -19*q + 259 = -18*q. Let y = -130 + q. Suppose -11*d = -113 - y. Calculate the remainder when 40 is divided by d.
18
Suppose -c - c - 15 = -3*i, i = -4*c + 19. Let a(q) = 2*q**2 - 8. Calculate the remainder when a(-11) is divided by i.
3
Suppose x - 15 = -2*x. Suppose -3*c + 1 + x = 0. Suppose r - f + 23 = 2*r, -20 = -r + c*f. Calculate the remainder when 58 is divided by r.
14
Suppose -650 + 110 = -18*b. Let n be (-3 + 3)/(-3) + 2. Suppose 3*i - 5*i = n*j - 350, 0 = -2*j - 5*i + 341. What is the remainder when j is divided by b?
28
Let t(c) = -c + 8*c**3 + 41 - 9*c**3 - 44 + 19*c**2 + 75 + 38. Calculate the remainder when t(19) is divided by 32.
27
Calculate the remainder when 1013 is divided by (-6)/81 - (-37037)/999.
14
Let k be -30*(-3)/3*3/(-6). Let x be (-286)/(-6) - 5/k. Suppose 20 = -4*l + x. What is the remainder when 37 is divided by l?
2
Let z = -8277 + 9104. What is the remainder when z is divided by 47?
28
Let a = 113 - 81. What is the remainder when a is divided by ((-7)/(-4))/(14/56)?
4
Suppose -12*y + 2*u = -14*y - 54, 5*y = -4*u - 131. Suppose -3 + 6 = -r. Let w = r - y. Calculate the remainder when w is divided by 11.
9
Let x be (1 + 1)/((5/(-2))/(-5)). Let h be (-416)/(-40) + x/(-10). Suppose -h*d = -12*d + 270. What is the remainder when d is divided by 34?
33
Calculate the remainder when (10060/(-3))/(-5)*60/40 is divided by 5.
1
Let i(t) = -t**3 - 66*t**2 - 2*t - 129. Calculate the remainder when 39 - (-3)/(3/1)*3 is divided by i(-66).
0
Let m be 14/7*(2 + 0). Let b(t) be the third derivative of t**5/30 - t**4/6 - t**3/3 - 319*t**2. Calculate the remainder when 34 is divided by b(m).
6
Suppose 0 = -40*p + 209*p - 20280. What is the remainder when 195 is divided by p?
75
Let d = -4112 - -4262. What is the remainder when 1039 is divided by d?
139
Suppose -93*f - 29*f + 36*f = -258. Let k(z) = 3*z**2 - 4*z. Let p be k(-6). Suppose -f*q - p = -7*q. What is the remainder when q is divided by 6?
3
Let i(m) = -5*m**3 - 47*m**2 - 114*m - 44. What is the remainder when 7635 is divided by i(-7)?
165
Suppose 8*k = 18*k - 8*k. Suppose 3*x = 2*b + 58, -5*x + 6*x + b - 16 = k. Let q = -19 - -28. Calculate the remainder when x is divided by q.
0
Let b(t) be the second derivative of 2*t**4/3 + 17*t**3/6 + 7*t**2 - 57*t + 1. What is the remainder when b(-4) is divided by 17?
6
Let p(n) = 4*n - 14. Suppose 4*u - 7 = -5*l, 6 = -4*u - l + 17. Let w be p(u). What is the remainder when 329*6*w/(-42) is divided by 33?
28
Let j(z) = z**3 - 23*z**2 - 16*z + 23. Let d be j(24). Let m = -210 + d. Calculate the remainder when 20 is divided by m.
0
Let r be (-1792)/(-140) - 8/10. What is the remainder when ((-9)/r)/((-1)/56) is divided by 16?
10
Let n(x) = -x**3 - x**2 - x + 258. Let i = -123711 - -123780. What is the remainder when n(0) is divided by i?
51
Let k(s) = 6*s**2 + 4 - 5 + 6*s + 11*s**2 - 5. Calculate the remainder when 33 is divided by k(1).
16
Suppose -5*c = -2*q + 13, 7*c - 3*c - 1 = q. Let l = -104558 - -104629. Calculate the remainder when l is divided by q.
14
Let u(r) be the second derivative of -5/6*r**3 - 13*r**2 + 0 + 4*r. Calculate the remainder when 174 is divided by u(-14).
42
Let q be (-45)/2*25/((-1200)/32). Let g = q - -6. Let s = 121 + -66. Calculate the remainder when s is divided by g.
13
Let n(m) be the first derivative of m**4/4 + 16*m**3/3 - 35*m**2/2 + 21*m - 5. Let z be n(-18). What is the remainder when 14 is divided by 24/(-10)*(-10)/z?
6
Let u be (-88)/(-2)*4/8. Suppose 3*o + u = 4*g, 3*g + 4*o - 2 - 2 = 0. Calculate the remainder when 74/g + (1 - 3/2) is divided by 10.
8
Let h(k) = k**3 - 6*k**2 - 4*k - 3. Let p be h(5). Let u = -44 - 11. Let c = p - u. What is the remainder when 12 is divided by c?
5
Let r = 64 - -59. Suppose 2*h = -c + 128, 5*c + r + 56 = 3*h. Calculate the remainder when h is divided by ((-33)/12)/(3/(-24)).
19
Calculate the remainder when 51 is divided by 0 - (-12)/(-22) - (-7)/(924/1656).
3
Suppose 4492 = 27*o - 476. Suppose 0 = 3*c + 15 - 129. What is the remainder when o is divided by c?
32
Let t = 216 - 123. Let u be 498*6/(-8)*50/75. Let f = u + 268. Calculate the remainder when t is divided by f.
17
Let t be -1*12/30 - 2/(-5). Suppose 49*l - 123 - 73 = t. Calculate the remainder when 83 is divided by l.
3
Let v = -9 - -49. Calculate the remainder when 4188/8 + (-216)/48 is divided by v.
39
Let q(o) = -2*o**2 + 53*o + 527. What is the remainder when q(22) is divided by 5?
0
Let y(j) = 5*j**2 + 6*j + 485. Calculate the remainder when y(27) is divided by 113.
111
Suppose 0 = -o + p - 18566 + 108439, 4*p = -o + 89868. What is the remainder when 1/(-15) + o/1230 is divided by (-2 - -17)*(-2)/(-2)?
13
Suppose 5*b = 22*m - 19*m + 864, 0 = 4*b - 3*m - 693. Calculate the remainder when 331 is divided by b.
160
What is the remainder when (22 - -362) + -12 - -19 is divided by 365?
26
Let f = 748 + -723. Let y = 9 - 4. Let l = y - -65. Calculate the remainder when l is divided by f.
20
What is the remainder when 141 is divided by (-133)/21*(-60)/(-8)*(-1 + -1)?
46
Suppose 3*s = 2*w + 237, 3*w = s + 341 - 406. Calculate the remainder when 218 is divided by s.
52
Let g be (3 + -1 - 2) + (1 - -1). Suppose -3*d - 4*u + 172 = 0, u - 5*u - 88 = -g*d. What is the remainder when d is divided by 29?
23
Suppose -8*d + 35 = -29. Suppose 5*i - 42 = -27. Suppose -3*l + 142 = -2*x, 2*x + i*x - 220 = -5*l. What is the remainder when l is divided by d?
6
Let n be -2 - (-7 + (-54 - 1)). Suppose 0 = -4*b - b + n. Calculate the remainder when 23 is divided by b.
11
Let l(t) = t**2 - 10*t. Let j be l(11). Let a(y) = j*y**2 + 9*y - 7 + y**3 + 4 - 9. Calculate the remainder when a(-5) is divided by 24.
21
Suppose -47 = -u - d - 31, 3*u + 5*d = 62. Calculate the remainder when 687 is divided by u.
3
Let m = -320 - -451. Suppose 0 = 10*d - 7*d + 6, -100 = -4*l - 4*d. What is the remainder when m is divided by l?
23
Suppose -s + 8 = -122. Suppose 987*x - 988*x + 5*c + 17 = 0, -29 = -2*x + 5*c. What is the remainder when s is divided by x?
10
Let z be (-5)/(-10)*(9 - -5). Let g = z - -4. Calculate the remainder when 43 is divided by g.
10
Let v(s) = 114*s + 3585. What is the remainder when 3616 is divided by v(-31)?
46
Suppose 178 = r + 28. Let l be (-9 + 63/6)*16/6. Suppose l*z - 535 + 383 = 0. Calculate the remainder when r is divided by z.
36
What is the remainder when 246 is divided by (6/4)/(69/1288)?
22
Let y(x) = x**3 - 33*x**2 - 418*x + 115. What is the remainder when y(43) is divided by 20?
11
Let b(k) = -7*k**3 + 7*k**2 + 83*k - 48. Calculate the remainder when b(-6) is divided by 10.
8
Suppose 825*b - 118*b - 1047845 + 206515 = 0. Calculate the remainder when b is divided by 397.
396
Suppose 161 = 2*i - 29. Let k = i - 90. Suppose -a = k*a - 918. What is the remainder when a is divided by 39?
36
Let v be -3 - (4 + -3 + -7). Let o = 6 - v. What is the remainder when 27 - (6/(-2))/o is divided by 17?
11
Suppose 5*w - 1084 = -339. What is the remainder when 1370 is divided by w?
29
Suppose 105*x = 802 + 143. Calculate the remainder when 53 is divided by x.
8
Let r(f) = -5*f**3 + 8*f**2 + 38*f + 33. Suppose -5*h + 7 + 3 = 0. Calculate the remainder when r(-2) is divided by h.
1
Let y = -282 - -397. What is the remainder when 576 is divided by y?
1
Let t be 34069/84*2 + (-2)/12. Let q = -541 + t. What is the remainder when q is divided by 16?
14
Let v(l) = 37*l + 42. Let s be v(-6). Let z = -3 + 6. Calculate the remainder when 114/1311 - s/46 is divided by z.
1
Suppose -d = -5*z + d + 29, 5*d = z - 15. Let m(f) = -9*f - 5. Let c be m(-4). Suppose -9 - c = -5*q. Calculate the 